{"id":9002,"date":"2023-03-17T14:30:32","date_gmt":"2023-03-17T12:30:32","guid":{"rendered":"https:\/\/partssupply.no\/?page_id=9002"},"modified":"2023-03-17T14:35:40","modified_gmt":"2023-03-17T12:35:40","slug":"kontakt-oss","status":"publish","type":"page","link":"https:\/\/partssupply.no\/index.php\/kontakt-oss\/","title":{"rendered":"Kontakt oss"},"content":{"rendered":"\n<p>Hvis det er noe du lurer p\u00e5 s\u00e5 trenger du ikke \u00e5 n\u00f8le med \u00e5 ta kontakt.<\/p>\n\n\n\n<p>Ta kontakt med oss p\u00e5 post@partssupply.no eller ring 94 10 04 20<\/p>\n\n\n\n<p><\/p>\n","protected":false},"excerpt":{"rendered":"<p>Hvis det er noe du lurer p\u00e5 s\u00e5 trenger du ikke \u00e5 n\u00f8le med \u00e5 ta kontakt. Ta kontakt med oss p\u00e5 post@partssupply.no eller ring 94 10 04 20<\/p>\n","protected":false},"author":2,"featured_media":0,"parent":0,"menu_order":0,"comment_status":"closed","ping_status":"closed","template":"template-fullwidth.php","meta":{"footnotes":""},"class_list":["post-9002","page","type-page","status-publish","hentry"],"_links":{"self":[{"href":"https:\/\/partssupply.no\/index.php\/wp-json\/wp\/v2\/pages\/9002","targetHints":{"allow":["GET"]}}],"collection":[{"href":"https:\/\/partssupply.no\/index.php\/wp-json\/wp\/v2\/pages"}],"about":[{"href":"https:\/\/partssupply.no\/index.php\/wp-json\/wp\/v2\/types\/page"}],"author":[{"embeddable":true,"href":"https:\/\/partssupply.no\/index.php\/wp-json\/wp\/v2\/users\/2"}],"replies":[{"embeddable":true,"href":"https:\/\/partssupply.no\/index.php\/wp-json\/wp\/v2\/comments?post=9002"}],"version-history":[{"count":2,"href":"https:\/\/partssupply.no\/index.php\/wp-json\/wp\/v2\/pages\/9002\/revisions"}],"predecessor-version":[{"id":9006,"href":"https:\/\/partssupply.no\/index.php\/wp-json\/wp\/v2\/pages\/9002\/revisions\/9006"}],"wp:attachment":[{"href":"https:\/\/partssupply.no\/index.php\/wp-json\/wp\/v2\/media?parent=9002"}],"curies":[{"name":"wp","href":"https:\/\/api.w.org\/{rel}","templated":true}]}}