{"id":13318,"date":"2023-11-03T12:22:41","date_gmt":"2023-11-03T10:22:41","guid":{"rendered":"https:\/\/partssupply.no\/index.php\/product\/varta-silver-dynamic-agm-batteri-12v-95ah-850cca-354x175x190-190mm-hoyre-a5\/"},"modified":"2026-03-29T11:17:37","modified_gmt":"2026-03-29T09:17:37","slug":"index-php-produkt-varta-silver-dynamic-agm-batteri-12v-95ah-850cca-354x175x190-190mm-hoyre-a5","status":"publish","type":"product","link":"https:\/\/partssupply.no\/index.php\/produkt\/index-php-produkt-varta-silver-dynamic-agm-batteri-12v-95ah-850cca-354x175x190-190mm-hoyre-a5\/","title":{"rendered":"VARTA Silver Dynamic AGM Batteri 12V 95AH 850CCA (354x175x190\/190mm) +h\u00f8yre A5"},"content":{"rendered":"<p>Teknologi<br \/>\n\t\t\t\t\t\t\t\t\t\t\t\t\t\t\tAGM<\/p>\n<p>\t\t\t\t\t\t\t\t\t\t\t\t\t\t\tSpenning<br \/>\n\t\t\t\t\t\t\t\t\t\t\t\t\t\t\t12V<\/p>\n<p>\t\t\t\t\t\t\t\t\t\t\t\t\t\t\tKapasitet<br \/>\n\t\t\t\t\t\t\t\t\t\t\t\t\t\t\t95Ah<\/p>\n<p>\t\t\t\t\t\t\t\t\t\t\t\t\t\t\tPolstilling<br \/>\n\t\t\t\t\t\t\t\t\t\t\t\t\t\t\t+H\u00f8yre<\/p>\n<p>\t\t\t\t\t\t\t\t\t\t\t\t\t\t\tPoltype<br \/>\n\t\t\t\t\t\t\t\t\t\t\t\t\t\t\tDIN<\/p>\n<p>\t\t\t\t\t\t\t\t\t\t\t\t\t\t\tFestelist<br \/>\n\t\t\t\t\t\t\t\t\t\t\t\t\t\t\tJa<\/p>\n<p>\t\t\t\t\t\t\t\t\t\t\t\t\tSt\u00f8rrelse<br \/>\n\t\t\t\t\t\t\t\t\t\t\t\t\t353x175x190 mm<\/p>\n<p>\t\t\t\t\t\t\t\t\t\t\t\t\tVekt<\/p>\n<p>\t\t\t\t\t\t\t\t\t\t\t\t\t\t\t\t\t\t\t\t\t\t\t\t\t\t\t26,4 kg<\/p>\n","protected":false},"excerpt":{"rendered":"<p>VARTA AGM Batteri Start-Stop system G14 12V 95AH 850CCA<br \/>\nEV-Klar: Beregnet for bruk i elbiler<\/p>\n<p>Ved \u00e5 velge VARTA\u00ae Silver Dynamic AGM med den mest avanserte teknologien vil du f\u00e5 en\u00a0<br \/>\nfremragende str\u00f8mkilde som er i stand til \u00e5 drifte de mest krevende kj\u00f8ret\u00f8yer og maskiner.<br \/>\nDette batteriet gir deg\u00a0tre ganger st\u00f8rre utholdenhet enn konvensjonelle batterier.\u00a0<br \/>\nSilver Dynamic AGM passer perfekt for Start-Stop-systemer der batteriet m\u00e5 kunne lades raskt gjennom\u00a0<br \/>\nenergien fra det regenerative bremsesystemet.<\/p>\n<p>Silver Dynamic AGM viktige fordeler:<\/p>\n<p>3 ganger s\u00e5 h\u00f8y syklusbestandighet som tradisjonelle batterier<br \/>\nDesignet for for kj\u00f8ret\u00f8yer med avansert Start-Stop-funksjonalitet og gjenvinning av bremseenergi<br \/>\nVARTA\u00ae AGM (Absorberende glassfiberduk-teknologi) har enest\u00e5ende ytelse for kraftige motorer og biler med mye utstyr<br \/>\nKan ikke lekke, selv om det er g\u00e5tt i stykker<br \/>\nRen produksjon \u2013 med 20 % mindre energi og 20 % mindre utslipp av drivhusgasser<br \/>\nHjelp med \u00e5 bevare milj\u00f8et med ecosteps\u00ae<br \/>\nPowerFrame\u00ae-teknologien gir ekstra startkraft og p\u00e5litelig ytelse<br \/>\nKonstruert etter de h\u00f8yeste tyske standarder<\/p>\n<p>Silver Dynamic AGM 595 901 085 Spesifikasjoner<\/p>\n<p>Model: 595 901 085<br \/>\nKapasitet: 95 Ah<br \/>\nKaldstartampere: 850 A<br \/>\nBredde: 175 mm<br \/>\nLengde: 353 mm<br \/>\nH\u00f8yde: 190 mm<br \/>\nShort Code: G14<br \/>\nUK Code: 019AGM<\/p>\n<p>\u00a0 Laget i Tyskland p\u00e5 verdens st\u00f8rste AGM-produksjonsanlegg.<br \/>\n\u00a0 Patentert PowerFrame\u00ae\u00a0gitter for p\u00e5litelig startkraft, rask oppladning og korrosjonsbestandighet.<br \/>\n\u00a0 &laquo;Like-for-like&raquo;-utskifting av batterier solgt til originalmarkedet.<br \/>\n\u00a0 Passer til alle kj\u00f8ret\u00f8y med start-stopp-system \u2013 Bedre starteffekt, bedre ytelse, varer lenger (del av OE-design som sikrer maksimale drivstoffbesparelser i start-stopp-systemer).<\/p>\n","protected":false},"featured_media":14230,"template":"","meta":[],"product_brand":[],"product_cat":[692],"product_tag":[],"class_list":{"0":"post-13318","1":"product","2":"type-product","3":"status-publish","4":"has-post-thumbnail","6":"product_cat-varta-agm-batterier-batterier-2","8":"first","9":"instock","10":"taxable","11":"shipping-taxable","12":"purchasable","13":"product-type-simple"},"_links":{"self":[{"href":"https:\/\/partssupply.no\/index.php\/wp-json\/wp\/v2\/product\/13318","targetHints":{"allow":["GET"]}}],"collection":[{"href":"https:\/\/partssupply.no\/index.php\/wp-json\/wp\/v2\/product"}],"about":[{"href":"https:\/\/partssupply.no\/index.php\/wp-json\/wp\/v2\/types\/product"}],"wp:featuredmedia":[{"embeddable":true,"href":"https:\/\/partssupply.no\/index.php\/wp-json\/wp\/v2\/media\/14230"}],"wp:attachment":[{"href":"https:\/\/partssupply.no\/index.php\/wp-json\/wp\/v2\/media?parent=13318"}],"wp:term":[{"taxonomy":"product_brand","embeddable":true,"href":"https:\/\/partssupply.no\/index.php\/wp-json\/wp\/v2\/product_brand?post=13318"},{"taxonomy":"product_cat","embeddable":true,"href":"https:\/\/partssupply.no\/index.php\/wp-json\/wp\/v2\/product_cat?post=13318"},{"taxonomy":"product_tag","embeddable":true,"href":"https:\/\/partssupply.no\/index.php\/wp-json\/wp\/v2\/product_tag?post=13318"}],"curies":[{"name":"wp","href":"https:\/\/api.w.org\/{rel}","templated":true}]}}