{"id":13350,"date":"2023-11-03T12:22:55","date_gmt":"2023-11-03T10:22:55","guid":{"rendered":"https:\/\/partssupply.no\/index.php\/product\/skanbatt-fritidsbatteri-12v-115ah-800cca-330x172x222-242mm-dual-pol\/"},"modified":"2026-03-29T11:17:22","modified_gmt":"2026-03-29T09:17:22","slug":"index-php-produkt-skanbatt-fritidsbatteri-12v-115ah-800cca-330x172x222-242mm-dual-pol","status":"publish","type":"product","link":"https:\/\/partssupply.no\/index.php\/produkt\/index-php-produkt-skanbatt-fritidsbatteri-12v-115ah-800cca-330x172x222-242mm-dual-pol\/","title":{"rendered":"SKANBATT Fritidsbatteri 12V 115AH 800CCA (330x172x222\/242mm) Dual Pol"},"content":{"rendered":"<p>Teknologi<br \/>\n\t\t\t\t\t\t\t\t\t\t\t\t\t\t\tBly \/ Syre<\/p>\n<p>\t\t\t\t\t\t\t\t\t\t\t\t\t\t\tSpenning<br \/>\n\t\t\t\t\t\t\t\t\t\t\t\t\t\t\t12V<\/p>\n<p>\t\t\t\t\t\t\t\t\t\t\t\t\t\t\tKapasitet<br \/>\n\t\t\t\t\t\t\t\t\t\t\t\t\t\t\t115Ah<\/p>\n<p>\t\t\t\t\t\t\t\t\t\t\t\t\t\t\tPolstilling<br \/>\n\t\t\t\t\t\t\t\t\t\t\t\t\t\t\t+Venstre<\/p>\n<p>\t\t\t\t\t\t\t\t\t\t\t\t\t\t\tPoltype<\/p>\n<p>\t\t\t\t\t\t\t\t\t\t\t\t\t\t\tFestelist<br \/>\n\t\t\t\t\t\t\t\t\t\t\t\t\t\t\tNei<\/p>\n<p>\t\t\t\t\t\t\t\t\t\t\t\t\tSt\u00f8rrelse<br \/>\n\t\t\t\t\t\t\t\t\t\t\t\t\t330x172x238 mm<\/p>\n<p>\t\t\t\t\t\t\t\t\t\t\t\t\tVekt<\/p>\n<p>\t\t\t\t\t\t\t\t\t\t\t\t\t\t\t\t\t\t\t\t\t\t\t\t\t\t\t23,7 kg<\/p>\n","protected":false},"excerpt":{"rendered":"<p>SKANBATT Fritidsbatteri 12V 115AH 800CCA DUAL POL<br \/>\n330x172x222mm \/ 242mm med DIN og 5\/16 pol<br \/>\n\u00a0<\/p>\n<p>SK115AH er et meget popul\u00e6rt batteri og v\u00e5r absolutte bestselger n\u00e5r det gjelder fritidsbatterier.<br \/>\nBatteriet har gode dyputladningsegenskaper men samtidig ogs\u00e5 meget god starteffekt p\u00e5 hele 800CCA.<br \/>\nDette gj\u00f8r batteriet meget anvendelig til mange bruksomr\u00e5der.<\/p>\n<p>Fordeler:<\/p>\n<p>Gode dyputladingsegenskaper gj\u00f8r serien meget godt egnet som forbruks batteri<br \/>\n100% vedlikeholdsfritt etter EN normen (forutsetter at lading fungerer tilfredsstillende)<br \/>\nBatteriene er lukket, noe som reduserer faren for syre s\u00f8l til et minimum<br \/>\nAlle fritidsbatteriene er utstyrt med b\u00e6reh\u00e5ndtak for enkel frakting og montering<br \/>\nGod starteffekt for sikker start av de aller fleste marine motorer<\/p>\n","protected":false},"featured_media":14202,"template":"","meta":[],"product_brand":[],"product_cat":[733],"product_tag":[],"class_list":{"0":"post-13350","1":"product","2":"type-product","3":"status-publish","4":"has-post-thumbnail","6":"product_cat-skanbatt-fritidsbatterier-batterier-2","8":"first","9":"instock","10":"taxable","11":"shipping-taxable","12":"purchasable","13":"product-type-simple"},"_links":{"self":[{"href":"https:\/\/partssupply.no\/index.php\/wp-json\/wp\/v2\/product\/13350","targetHints":{"allow":["GET"]}}],"collection":[{"href":"https:\/\/partssupply.no\/index.php\/wp-json\/wp\/v2\/product"}],"about":[{"href":"https:\/\/partssupply.no\/index.php\/wp-json\/wp\/v2\/types\/product"}],"wp:featuredmedia":[{"embeddable":true,"href":"https:\/\/partssupply.no\/index.php\/wp-json\/wp\/v2\/media\/14202"}],"wp:attachment":[{"href":"https:\/\/partssupply.no\/index.php\/wp-json\/wp\/v2\/media?parent=13350"}],"wp:term":[{"taxonomy":"product_brand","embeddable":true,"href":"https:\/\/partssupply.no\/index.php\/wp-json\/wp\/v2\/product_brand?post=13350"},{"taxonomy":"product_cat","embeddable":true,"href":"https:\/\/partssupply.no\/index.php\/wp-json\/wp\/v2\/product_cat?post=13350"},{"taxonomy":"product_tag","embeddable":true,"href":"https:\/\/partssupply.no\/index.php\/wp-json\/wp\/v2\/product_tag?post=13350"}],"curies":[{"name":"wp","href":"https:\/\/api.w.org\/{rel}","templated":true}]}}